ermine r(21).
235
Let v(x) = -11*x + 36. Calculate v(5).
-19
Let s(j) = -j**3 - 63*j**2 + 202*j - 146. Give s(-66).
-410
Let f(i) = -10*i**2 - 413*i - 498. Give f(-40).
22
Let q(u) = -u**3 + u**2 + 23*u + 52. What is q(-2)?
18
Let f(m) = m**3 + 9*m**2 + 6*m + 79. What is f(-8)?
95
Let j(b) = -96*b - 933. Determine j(-11).
123
Let p(m) = -m**3 + 15*m**2 + 105*m + 50. Give p(20).
150
Let r(m) = -76*m - 379. Determine r(-5).
1
Let v(j) = 73*j - 1029. Calculate v(17).
212
Let x(y) = y**2 + 14*y + 33. Calculate x(-2).
9
Let j(v) = -v**2 + 17*v - 120. Calculate j(9).
-48
Let t(r) = -134*r - 2232. Calculate t(-16).
-88
Let s(l) = -l**2 - 62*l - 703. Give s(-47).
2
Let i(c) = -4*c**2 + 5*c + 50. Give i(8).
-166
Let v(d) = d**2 + 56*d - 7866. What is v(-121)?
-1
Let x(u) = 14*u**2 + 17*u. Calculate x(-5).
265
Let t(h) = -h**3 + 17*h**2 + 38*h + 17. What is t(17)?
663
Let u(p) = 2*p**2 - 2046*p - 10274. Determine u(-5).
6
Let z(j) = -j**3 - 2*j**2 + 30*j - 142. Calculate z(5).
-167
Let g(u) = u**2 + 6*u. Give g(-4).
-8
Let c(l) = 85*l**2 - l. Determine c(1).
84
Let z(g) = -2*g**3 + 7*g**2 + 14*g + 103. Calculate z(-4).
287
Let u(a) = a**2 + 20*a + 16. Calculate u(-18).
-20
Let m(l) = 12*l - 123. Calculate m(29).
225
Let h(y) = -21*y**3 + 4*y - 6. Give h(2).
-166
Let v(u) = 244*u**3 + 10*u**2 - 7*u - 2. Calculate v(1).
245
Let v(z) = 2*z**2 - 150*z + 2817. Calculate v(40).
17
Let t(d) = -d**2 + 44*d - 477. Give t(18).
-9
Let p(j) = j**3 - 24*j**2 + 44*j - 9. Give p(22).
-9
Let m(t) = -106*t + 272. Give m(9).
-682
Let p(l) = 14*l**2 + 144*l + 10. Give p(-12).
298
Let w(o) = o**2 - 3*o - 894. Calculate w(-30).
96
Let g(f) = -f**3 + 57*f**2 - 907*f + 2670. What is g(28)?
10
Let v(f) = 132*f - 6874. What is v(52)?
-10
Let y(m) = -m**3 + 7*m**2 + 20*m - 7. Calculate y(11).
-271
Let z(v) = 14*v + 769. Give z(-60).
-71
Let p(b) = 2*b**3 + 153*b**2 + 56*b - 1523. Calculate p(-76).
-3
Let d(j) = 353*j + 21554. Calculate d(-61).
21
Let r(s) = -56*s - 14933. Calculate r(-267).
19
Let p(u) = -3*u**2 + 79*u - 27. Determine p(26).
-1
Let d(n) = -201*n - 2001. Determine d(-10).
9
Let y(z) = 37*z**3 + 2*z**2 + 3*z - 3. Determine y(2).
307
Let n(b) = 1160*b + 18559. What is n(-16)?
-1
Let l(h) = -205*h - 382. Calculate l(-2).
28
Let s(n) = 637*n - 5106. Calculate s(8).
-10
Let b(i) = -i**3 - 34*i**2 - 31. Calculate b(-34).
-31
Let j(h) = h**2 + 238*h + 7390. What is j(-201)?
-47
Let c(u) = 23*u - 382. Calculate c(15).
-37
Let g(h) = 4*h**2 - 25*h + 38. Calculate g(2).
4
Let v(r) = r**3 + 7*r**2 + 20*r + 134. Determine v(-7).
-6
Let q(c) = 670*c + 75034. Determine q(-112).
-6
Let t(j) = 340*j + 1284. What is t(-6)?
-756
Let q(b) = 25*b**3 + 3*b**2 - 9*b + 10. Determine q(2).
204
Let u(l) = 53*l + 123. Determine u(-3).
-36
Let t(d) = 2457*d + 105655. Give t(-43).
4
Let q(x) = 9*x**3 - 44*x**2 + 67*x - 25. Calculate q(1).
7
Let s(p) = -p**3 - 7*p**2 - 16*p - 7. Calculate s(-6).
53
Let l(y) = y**3 + 20*y**2 + 42*y + 101. Give l(-18).
-7
Let m(v) = -v**2 - 70*v - 206. What is m(-66)?
58
Let u(d) = d**2 - 17*d - 111. Calculate u(21).
-27
Let y(q) = 2*q**3 - 18*q**2 + 41*q + 10. Calculate y(5).
15
Let g(i) = 575*i + 4677. What is g(-8)?
77
Let k(f) = -f**3 - 17*f**2 + 131*f - 131. What is k(-23)?
30
Let t(m) = m**3 - 33*m**2 + 7*m + 791. Give t(32).
-9
Let y(h) = h**2 - 20*h - 14801. Calculate y(-112).
-17
Let b(u) = 1337*u - 8059. Determine b(6).
-37
Let f(v) = 57*v - 37. Give f(4).
191
Let n(j) = j**2 + 16*j - 110. Give n(6).
22
Let f(j) = -j**2 + 4*j + 647. Determine f(32).
-249
Let q(y) = 42*y + 1721. Calculate q(-41).
-1
Let d(b) = 2*b**2 - 4185*b - 42046. Give d(-10).
4
Let i(c) = 6*c**2 + 288*c + 1507. Calculate i(-6).
-5
Let z(a) = -a**3 + 56*a**2 - 854*a + 43950. Calculate z(55).
5
Let s(q) = -5*q**3 + 46*q**2 + 111*q + 66. Determine s(-1).
6
Let t(r) = -r**2 + 230*r + 922. Determine t(234).
-14
Let s(p) = -12*p**2 - 380*p + 87. Determine s(-32).
-41
Let v(m) = -275*m + 164. Give v(1).
-111
Let p(f) = -708*f + 12751. Give p(18).
7
Let b(o) = o**3 + 19*o**2 - 30*o - 50. Give b(-20).
150
Let r(q) = 2*q**2 - 5*q - 66. Determine r(0).
-66
Let q(g) = -3*g**2 - 87*g - 433. What is q(-20)?
107
Let u(a) = 11*a**2 + 8*a + 46. Determine u(-4).
190
Let k(a) = -a**2 + 31*a + 863. Determine k(-18).
-19
Let b(o) = -2*o**3 - 16*o**2 + 473*o - 139. Determine b(-20).
1
Let f(s) = 56*s**3 - 1559*s**2 - 251*s - 35. Give f(28).
-7
Let h(i) = -i**3 - 57*i**2 - 243*i - 1641. Give h(-53).
2
Let z(q) = -495*q - 14345. What is z(-29)?
10
Let r(b) = -b**2 - 1416*b - 27902. Give r(-20).
18
Let g(m) = 2*m**3 - 19*m**2 - 395*m - 55. Calculate g(-10).
-5
Let d(g) = -g - 7. What is d(-88)?
81
Let p(c) = -c**2 - 53*c - 764. What is p(-23)?
-74
Let t(d) = d**2 + 15*d - 107. Calculate t(-18).
-53
Let s(v) = -2*v**3 + v**2 + 39*v + 60. What is s(-2)?
2
Let a(f) = 1647*f + 4820. Give a(-3).
-121
Let s(p) = -104*p - 1475. Determine s(-14).
-19
Let k(i) = -31*i - 451. What is k(-14)?
-17
Let k(s) = -609*s + 1211. What is k(2)?
-7
Let d(v) = -59*v + 1645. Determine d(28).
-7
Let u(l) = -16*l**2 + 63*l - 39. What is u(5)?
-124
Let w(r) = -r**3 - 4*r**2 - 15*r - 114. Determine w(-5).
-14
Let o(n) = n**2 + 43*n + 396. What is o(-13)?
6
Let l(r) = 506*r + 1223. What is l(-2)?
211
Let s(p) = 6*p**2 - 24*p - 61. Calculate s(-3).
65
Let a(y) = -2*y**3 + 81*y**2 + 135*y - 379. Give a(42).
-1
Let o(j) = -6*j**3 + 725*j**2 + 107*j + 1685. Calculate o(121).
-9
Let f(o) = 123*o + 2554. What is f(-21)?
-29
Let s(n) = 228*n + 2561. Calculate s(-11).
53
Let w(f) = 8*f**2 + 12*f + 10. Calculate w(2).
66
Let p(n) = 15*n + 61. Give p(3).
106
Let a(c) = -7*c**2 - 22*c - 16. Calculate a(-2).
0
Let o(j) = -j**2 + 22*j + 88. Calculate o(-4).
-16
Let k(z) = z**3 - 7*z**2 - 13*z + 32. What is k(8)?
-8
Let u(a) = -710*a + 4233. What is u(6)?
-27
Let a(x) = -x**3 + 10*x**2 - 25*x + 149. What is a(9)?
5
Let f(g) = 3*g**3 + 24*g**2 - 2*g - 21. Determine f(-8).
-5
Let g(f) = -10*f**3 + 29*f**2 - 28*f - 1. Give g(1).
-10
Let b(w) = 2*w**2 + 153*w + 218. Give b(-75).
-7
Let l(y) = 59*y - 715. Calculate l(12).
-7
Let l(i) = 272*i - 1907. Give l(7).
-3
Let w(g) = -g**2 + 25*g + 122. Calculate w(31).
-64
Let u(b) = -13*b + 962. Determine u(77).
-39
Let r(o) = 569*o**2 + 4551*o - 5. What is r(-8)?
3
Let t(b) = -b**2 + 46*b + 1732. Determine t(70).
52
Let w(k) = -13*k - 2. Calculate w(10).
-132
Let b(c) = 5*c**3 - 48*c**2 - 9*c + 45. What is b(10)?
155
Let g(n) = 13*n**2 + 25*n + 51. Calculate g(5).
501
Let h(b) = 669*b - 1514. Determine h(2).
-176
Let i(b) = 48*b**2 - 1488*b + 75. Determine i(31).
75
Let i(s) = s**2 - 57*s + 314. Give i(11).
-192
Let x(s) = 15*s + 539. Calculate x(-33).
44
Let p(f) = f**2 - 51*f + 439. Calculate p(10).
29
Let z(l) = -9*l**2 - 61*l - 17. Determine z(-8).
-105
Let z(t) = t**2 - 108*t + 2906. Determine z(48).
26
Let m(v) = -v**3 + 48*v**2 - 89*v + 20. Calculate m(46).
158
Let x(g) = 91*g - 2998. Give x(33).
5
Let n(d) = -d**3 + 10*d**2 - 3*d - 72. Give n(5).
38
Let p(w) = -w**3 - 23*w**2 + 23*w - 132. Give p(-24).
-108
Let q(i) = 18*i**3 - 158*i**2 + 6*i + 2. Give q(9).
380
Let t(r) = -10*r**2 - 188*r - 16. What is t(-17)?
290
Let o(b) = -b**2 - 43*b + 59. Calculate o(-26).
501
Let c(f) = -225*f**2 + 677*f - 2. Determine c(3).
4
Let u(k) = -9*k**3 - 12*k**2 - 29*k - 18. What is u(-1)?
8
Let n(y) = -14*y - 71. Calculate n(-5).
-1
Let g(n) = -381*n - 12552. Give g(-33).
21
Let x(l) = -796*l - 3969. Give x(-5).
11
Let j(b) = 7*b**3 - 278*b**2 - 78*b - 34. Calculate j(40).
46
Let l(c) = 23*c - 457. Determine l(20).
3
Let r(a) = 32*a - 4. Give r(5).
156
Let a(w) = -26*w - 2476. Calculate a(-73).
-578
Let q(y) = -y**3 + 7*y**2 - 42*y + 125. Determine q(4).
5
Let q(w) = -2*w**3 + 12*w**2 - 26*w - 9. Determine q(6).
-165
Let n(v) = -v**3 - 2*v**2 - 766*v - 3095. Calculate n(-4).
1
Let k(w) = -22*w**2 - 14*w - 53. What is k(-5)?
-533
Let x(m) = -2*m**3 - 85*m**2 - 311*m - 33. Calculate x(-4).
-21
Let f(g) = -548*g + 5486. Determine f(10).
6
Let w(n) = 583*n - 1. Calculate w(0).
-1
Let l(v) = 2*v**2 - 12*v - 11. Calculate l(9).
43
Let f(a) = 304*a + 1449. What is f(-5)?
-71
Let g(t) = -t**3 - 155*t**2 - 751*t - 123. Give g(-150).
27
Let v(f) = -51*f**2 - 144*f - 91. Determine v(-1).
2
Let h(j) = 305*j**2 + 6*j - 6. 